46.
45
What is the remainder when 1353 is divided by 1349?
4
What is the remainder when 226 is divided by 73?
7
Calculate the remainder when 48 is divided by 10.
8
Calculate the remainder when 949 is divided by 174.
79
Calculate the remainder when 799 is divided by 10.
9
What is the remainder when 42 is divided by 33?
9
What is the remainder when 24776 is divided by 35?
31
What is the remainder when 65 is divided by 8?
1
What is the remainder when 23 is divided by 8?
7
Calculate the remainder when 102 is divided by 80.
22
What is the remainder when 1339 is divided by 11?
8
What is the remainder when 85 is divided by 7?
1
What is the remainder when 189 is divided by 96?
93
What is the remainder when 1023 is divided by 501?
21
Calculate the remainder when 1055 is divided by 29.
11
What is the remainder when 213 is divided by 29?
10
Calculate the remainder when 165 is divided by 19.
13
What is the remainder when 828 is divided by 44?
36
Calculate the remainder when 3085 is divided by 47.
30
Calculate the remainder when 352 is divided by 72.
64
Calculate the remainder when 1888 is divided by 18.
16
What is the remainder when 5010 is divided by 9?
6
Calculate the remainder when 68 is divided by 18.
14
Calculate the remainder when 337 is divided by 13.
12
Calculate the remainder when 692 is divided by 181.
149
Calculate the remainder when 694 is divided by 109.
40
What is the remainder when 3941 is divided by 4?
1
Calculate the remainder when 715 is divided by 238.
1
What is the remainder when 1504 is divided by 11?
8
What is the remainder when 47 is divided by 37?
10
What is the remainder when 3037 is divided by 1515?
7
Calculate the remainder when 234 is divided by 34.
30
Calculate the remainder when 848 is divided by 50.
48
What is the remainder when 57 is divided by 24?
9
What is the remainder when 335 is divided by 98?
41
Calculate the remainder when 1292 is divided by 6.
2
Calculate the remainder when 188 is divided by 49.
41
What is the remainder when 520 is divided by 29?
27
What is the remainder when 6834 is divided by 263?
259
Calculate the remainder when 418 is divided by 141.
136
Calculate the remainder when 561 is divided by 22.
11
Calculate the remainder when 1691 is divided by 31.
17
What is the remainder when 168 is divided by 29?
23
What is the remainder when 250 is divided by 11?
8
What is the remainder when 67 is divided by 64?
3
What is the remainder when 1670 is divided by 9?
5
What is the remainder when 49462 is divided by 6?
4
Calculate the remainder when 1520 is divided by 506.
2
What is the remainder when 941 is divided by 6?
5
Calculate the remainder when 3 is divided by 1.
0
Calculate the remainder when 6608 is divided by 11.
8
What is the remainder when 451 is divided by 74?
7
What is the remainder when 182 is divided by 59?
5
Calculate the remainder when 616 is divided by 23.
18
Calculate the remainder when 1425 is divided by 34.
31
Calculate the remainder when 369 is divided by 37.
36
What is the remainder when 192 is divided by 25?
17
What is the remainder when 3215 is divided by 4?
3
What is the remainder when 111 is divided by 44?
23
Calculate the remainder when 307 is divided by 32.
19
Calculate the remainder when 54 is divided by 37.
17
Calculate the remainder when 12 is divided by 5.
2
What is the remainder when 63 is divided by 25?
13
Calculate the remainder when 1741 is divided by 97.
92
Calculate the remainder when 38 is divided by 10.
8
Calculate the remainder when 3931 is divided by 19.
17
What is the remainder when 3094 is divided by 1544?
6
Calculate the remainder when 119 is divided by 44.
31
Calculate the remainder when 1440 is divided by 204.
12
Calculate the remainder when 235 is divided by 48.
43
What is the remainder when 224 is divided by 47?
36
What is the remainder when 193 is divided by 14?
11
Calculate the remainder when 541 is divided by 68.
65
Calculate the remainder when 210 is divided by 43.
38
Calculate the remainder when 117 is divided by 12.
9
Calculate the remainder when 215 is divided by 14.
5
What is the remainder when 388 is divided by 39?
37
What is the remainder when 9 is divided by 8?
1
Calculate the remainder when 3631 is divided by 1205.
16
Calculate the remainder when 1149 is divided by 96.
93
Calculate the remainder when 120 is divided by 103.
17
Calculate the remainder when 435 is divided by 113.
96
What is the remainder when 247 is divided by 70?
37
What is the remainder when 5132 is divided by 184?
164
Calculate the remainder when 4677 is divided by 40.
37
Calculate the remainder when 151 is divided by 105.
46
What is the remainder when 427 is divided by 39?
37
What is the remainder when 146 is divided by 56?
34
What is the remainder when 51 is divided by 8?
3
Calculate the remainder when 49 is divided by 27.
22
What is the remainder when 1671 is divided by 292?
211
Calculate the remainder when 295 is divided by 23.
19
What is the remainder when 6587 is divided by 347?
341
What is the remainder when 2951 is divided by 14?
11
Calculate the remainder when 131 is divided by 59.
13
What is the remainder when 30 is divided by 23?
7
Calculate the remainder when 3717 is divided by 9.
0
Calculate the remainder when 345 is divided by 72.
57
What is the remainder when 3820 is divided by 273?
271
Calculate the remainder when 197 is divided by 22.
21
What is the remainder when 919 is divided by 132?
127
Calculate the remainder when 314 is divided by 259.
55
What is the remainder when 180 is divided by 46?
42
What is the remainder when 1368 is divided by 45?
18
What is the remainder when 806 is divided by 116?
110
Calculate the remainder when 44 is divided by 30.
14
What is the remainder when 290 is divided by 161?
129
What is the remainder when 3041 is divided by 13?
12
Calculate the remainder when 5927 is divided by 39.
38
Calculate the remainder when 439 is divided by 200.
39
Calculate the remainder when 16615 is divided by 62.
61
Calculate the remainder when 8985 is divided by 12.
9
Calculate the remainder when 138 is divided by 43.
9
Calculate the remainder when 2922 is divided by 1453.
16
Calculate the remainder when 768 is divided by 96.
0
What is the remainder when 432 is divided by 310?
122
What is the remainder when 251 is divided by 63?
62
Calculate the remainder when 286 is divided by 141.
4
Calculate the remainder when 3747 is divided by 75.
72
Calculate the remainder when 88 is divided by 38.
12
Calculate the remainder when 14921 is divided by 25.
21
Calculate the remainder when 1341 is divided by 21.
18
What is the remainder when 52 is divided by 26?
0
Calculate the remainder when 315 is divided by 61.
10
Calculate the remainder when 340 is divided by 86.
82
What is the remainder when 1107 is divided by 185?
182
Calculate the remainder when 91 is divided by 20.
11
What is the remainder when 455 is divided by 87?
20
What is the remainder when 206 is divided by 23?
22
Calculate the remainder when 208 is divided by 35.
33
What is the remainder when 61351 is divided by 51?
49
Calculate the remainder when 78 is divided by 12.
6
What is the remainder when 1497 is divided by 372?
9
What is the remainder when 327 is divided by 82?
81
What is the remainder when 5705 is divided by 1899?
8
Calculate the remainder when 99 is divided by 28.
15
Calculate the remainder when 716 is divided by 521.
195
What is the remainder when 336 is divided by 46?
14
Calculate the remainder when 556 is divided by 139.
0
What is the remainder when 737 is divided by 18?
17
What is the remainder when 502 is divided by 56?
54
Calculate the remainder when 957 is divided by 77.
33
What is the remainder when 78 is divided by 29?
20
What is the remainder when 230 is divided by 60?
50
Calculate the remainder when 12930 is divided by 53.
51
Calculate the remainder when 566 is divided by 99.
71
Calculate the remainder when 341 is divided by 22.
11
What is the remainder when 293 is divided by 37?
34
What is the remainder when 734 is divided by 19?
12
What is the remainder when 52 is divided by 43?
9
What is the remainder when 3629 is divided by 165?
164
What is the remainder when 162 is divided by 53?
3
Calculate the remainder when 341 is divided by 33.
11
What is the remainder when 569 is divided by 31?
11
Wha